 + v*a. What is the units digit of o?
2
Suppose 4 = 3*o - 2*o. Suppose 0*u = 2*u - o. Suppose u*h - 16 = -2*a, 0*h = 3*a - 4*h - 52. What is the units digit of a?
2
Let j = 0 + -5. Let m = j - -5. Suppose -d + m*d = -4*p + 18, d - 6 = -2*p. What is the units digit of p?
4
Let z(b) = -b**2 - 7*b - 2. What is the tens digit of z(-4)?
1
Let r(x) = 2*x**3 + 6*x**2 - 2*x + 2*x**3 + 0*x**2 - 4*x**2 - 2. What is the units digit of r(2)?
4
Let q = -13 - -59. What is the tens digit of q?
4
Suppose -4*s = -5*r - 13, -9 = 2*s + 2*r + 7. What is the units digit of (3 - -2)*s/(-5)?
3
Let g(c) = 2*c**3 + 2*c**2 + c - 4. What is the units digit of g(3)?
1
Suppose -4*z + 122 = 2. Let b = 43 - z. What is the units digit of b?
3
Suppose 0 = -4*f + 2*f + 3*j + 25, f = 5*j + 30. What is the units digit of f?
5
Let s = 16 - -4. Suppose 2*g - s = -3*g. Suppose -8*l + g*l + 4*w = 16, -5*w = 4*l - 29. What is the units digit of l?
1
Suppose 0 = -0*b - 2*b + 152. Let j be 6 + -2 + 2 + -2. Suppose 0*t + j*t = b. What is the units digit of t?
9
Suppose -5*d + 3*d + 3*j = -34, 0 = 2*d - 5*j - 34. What is the tens digit of d?
1
Suppose 3*m - 39 = 87. Suppose -41 = -c + 4*i + 22, -c + m = 3*i. What is the units digit of c?
1
Suppose 0 = 3*d + 2*d + 45. Let y = 35 + d. What is the tens digit of y?
2
Let o(x) = x**3 - 8*x**2 - 9*x + 3. Let p be o(9). Suppose -3*l + 3*h - 7*h = -88, -3 = -p*h. What is the units digit of (1 + 2/(-4))*l?
4
Suppose -1111 = -11*t + 1958. What is the hundreds digit of t?
2
Let h = -31 - -18. Let w = 15 - h. What is the units digit of w?
8
Suppose -167 = -4*b + 3*t, t - 2*t = -2*b + 81. Suppose 5*i - 7*i = -4*s + b, -i = -3*s + 30. What is the tens digit of s?
1
Let s = -7 + 12. Suppose s*h - 6 = 3*w + 9, 6 = 2*h - 3*w. Suppose -h*d = 3*t - 7 - 2, -1 = 2*d - 5*t. What is the units digit of d?
2
Let b(m) = m + 8. Let u be b(7). Let y = 14 + -10. Let x = u - y. What is the units digit of x?
1
Suppose 6*q = 2*q + s + 9, -2*q - 4*s = 0. Suppose -q*y + 6 = y. Let p = y - -2. What is the units digit of p?
4
Let j(f) = -f**2 + 5*f - 2. Let z be j(5). What is the units digit of z/(-1*(-2)/(-4))?
4
Let h(d) = 2*d + 12. Let a be h(-7). What is the units digit of (-58*(3 + -1))/a?
8
Let q(r) = r**2 + 5*r + 1. Let b be q(-4). Let k = b + 0. What is the units digit of 3/(-6) + k/(-2)?
1
Let l(k) = 3*k**3 - 2*k**2 - 2*k + 3. Let z be l(1). Suppose i - 2*i + 2 = 0. Suppose 20 = i*n - z. What is the units digit of n?
1
Let f = -12 - -16. Suppose -r - f*r + 75 = 0. What is the units digit of r?
5
Let s be (-5)/(-3) + (-8)/12. What is the units digit of 0 + s + 0 + 0?
1
Let n = 5 - 9. Let g be ((-1)/n)/((-1)/(-148)). Suppose 28 = 4*f - 5*h, 3 + g = 5*f - 5*h. What is the units digit of f?
2
Let v = 12 + -6. Suppose v*h - h = 70. What is the units digit of h?
4
Suppose -2*i = -l + 4 + 6, 4*i + 4*l = -44. What is the units digit of (-10 - 0)/(i/14)?
0
Suppose 33 = -4*o + 217. Suppose 5*m - 246 = -o. Suppose 5*r + 5 = m. What is the units digit of r?
7
What is the units digit of (100 + 6)/(1 + (0 - 0))?
6
What is the tens digit of 93/(-2)*((-160)/(-15))/(-4)?
2
Suppose c - 376 = 4*o, -111 = -o + 2*o + 4*c. What is the tens digit of (o + 2)*2/(-6)?
3
Let d(h) = -3 + 12*h - h**3 + 6 + 11*h**2 + h + 0*h**3. What is the tens digit of d(12)?
1
Let n(i) = -3*i - 3 - 3 + 2*i**2 + 4. Let g be n(-4). Suppose -3*z = -0*z - g. What is the tens digit of z?
1
Suppose -5*s = -0 + 5. Let m(t) = 1 + 2 - 2*t - 4. What is the units digit of m(s)?
1
Let y(q) = -q + 5. Let k be y(-11). What is the tens digit of k*1 - (-5 + 7)?
1
Suppose 2*b - 7*b + 225 = 0. Suppose 0 = -0*c + 2*c. Suppose c*n + 5*n - b = 0. What is the units digit of n?
9
What is the hundreds digit of (-1*30)/(-2)*15?
2
Suppose -j = -1 - 1. Suppose -4*o + p + j = 0, 2*p - 7 = -3*o - 0*o. What is the units digit of o?
1
Suppose -5*a + 4 = -4*r, -5*r + 5*a = 11 - 1. What is the units digit of (-13 + 1)*4/r?
8
Suppose 0*y = -4*y + 16. Suppose -2*f = -y*p - p - 40, f - 3*p = 22. What is the units digit of f?
0
Let o = 45 - -28. Let y = o + -47. What is the tens digit of y?
2
Suppose -q = 4*q + 3*l - 25, -5*l - 5 = -q. Suppose 0 = 5*f - i - 75, -33 - 22 = -5*f + q*i. What is the tens digit of f?
1
Let h(r) = -r**2 + 3*r + 3. Let z be h(3). Let o(b) = b**3 - 5*b**2 + b - 2. Let i be o(5). Suppose g + z + 2 = 0, i*g + 57 = 2*u. What is the tens digit of u?
2
Let y be ((-1)/3)/((-6)/(-18)). Suppose 1 + 8 = 3*d. Let m = d - y. What is the units digit of m?
4
Let i = -54 + 239. What is the units digit of i?
5
Suppose 0*x + 2*z = 4*x - 118, x + 2*z - 32 = 0. What is the units digit of x?
0
Suppose -j = -23 - 10. Let v(x) = x**3 + 2*x**2 - 4*x - 3. Let m be v(-3). Suppose 2*k + k - j = m. What is the tens digit of k?
1
Let x be ((-9)/(-3) + -20)*-1. Let r(o) = -4*o**2 - 3*o - 1. Let s be r(-2). Let t = x + s. What is the units digit of t?
6
Let k(t) = t + 10. Let h be k(-14). What is the units digit of 0/h + -3 + 50?
7
Suppose -m + 7 = -19. What is the units digit of m?
6
Let j(d) = d + 13. Let c be 175/(-20) + (-2)/8. Let x be j(c). Suppose 2*m = -4*a + 14, -2*a - 28 = -x*m + a. What is the units digit of m?
7
Let p(a) = -a**3 - 9*a**2 - 4*a + 2. Let d be p(-8). Let m = d + 59. What is the tens digit of m?
2
Let l(z) = z**3 - 9*z**2 + 7*z - 1. Let o be l(8). Let x be (4 - 2)/((-3)/o). Let j = x - -8. What is the tens digit of j?
1
Let i = 88 + -60. What is the tens digit of i?
2
Suppose -2*c + 425 = -5*s, 4*c - 857 = -0*c + 3*s. What is the hundreds digit of c?
2
Let p be 20/5*(3 - 1). Suppose p*z + 80 = 12*z. What is the units digit of z?
0
Let t = -30 - -75. Suppose 0 = -4*v - v + t. What is the units digit of v?
9
Suppose 0 = 4*m - 3*v - 19, 2 = -2*v - 0*v. Suppose -2*j - 10 = 0, -5*r + 3 + 27 = -m*j. Suppose 3*p - r - 4 = 0. What is the units digit of p?
2
Suppose 5*m + 16 = 4*x + 108, 2*m - 36 = 2*x. Suppose 5*n - m = 5. What is the units digit of n?
5
Let l = 4 + -3. What is the tens digit of l - 1*(-1 - 10)?
1
Suppose -4*a - 60 + 8 = 0. Let f be (-1 - -1) + (2 - 23). Let k = a - f. What is the units digit of k?
8
Let h(m) = 13*m - 7. What is the units digit of h(4)?
5
Let w(k) = 8*k + 13. Let j(t) = -9*t - 14. Let m(u) = -4*j(u) - 5*w(u). What is the tens digit of m(-6)?
1
Suppose i + 7 = 3. Suppose 5*r - 4 = 4*q + 2*r, 0 = 2*q - 2*r + 4. Let t = q - i. What is the units digit of t?
6
Let h(s) = -s**3 - 14*s**2 - 2*s + 8. What is the units digit of h(-14)?
6
Let d be (2/6)/((-1)/(-3)). Let o(w) = d - 3*w + w + 5*w + 0*w. What is the tens digit of o(3)?
1
Let y(q) = 1 - 5 + 4 + 7*q + q**2 - 5. Let u be y(-6). Let l = -6 - u. What is the units digit of l?
5
Let u = -4 - -18. What is the units digit of u?
4
Let o = 10 + -14. Let y be ((-1)/2)/((-3)/270). What is the units digit of 2/((-24)/y)*o?
5
What is the units digit of 13*4 + -9 + 5?
8
Let j(d) = d**3 - 5*d**2 - 3*d - 17. What is the units digit of j(6)?
1
Let t be 3*3*(-5)/(-9). Let c = 5 + t. What is the tens digit of c?
1
Suppose -2*q + 5 = -7. Let m = -1 - -4. Suppose 36 = m*f - q. What is the units digit of f?
4
Suppose -l + 736 = 7*l. What is the units digit of l?
2
Suppose -2*r = 4*o - 64, 0*o + 5*r + 61 = 3*o. What is the tens digit of o?
1
Suppose -5*f + 28 = -3*f. Suppose 204 = f*c - 10*c. What is the tens digit of c?
5
Let y(i) = 3*i - 2. What is the tens digit of y(4)?
1
Let h = -15 + 29. Suppose 4*i - 6 = h. What is the units digit of i?
5
Let u(h) = -h**3 + 5*h**2 + 2*h + 5. What is the tens digit of u(3)?
2
Let b(l) = l**2 + 3*l - 4. Let u be b(-6). Let s(q) = -2*q. Let x be s(2). Let d = x + u. What is the units digit of d?
0
Suppose 0 = -b - 2*g + 23, 2*b - 5*b + 5*g + 124 = 0. What is the tens digit of b?
3
Let h = 6 + -1. Suppose -5*q - 18 = 2*g + h, 3*q = -5*g - 86. Let t = g + 33. What is the tens digit of t?
1
Let w be 3*(-2)/3 - -2. Suppose w*q = q - 3. Suppose 5*d = -4*p + 3, p + p + q*d = -1. What is the units digit of p?
7
Let v(z) = -z**2 - 5*z + 7. Let g(w) = -w - 2. Let t be g(-7). Suppose 3 = -2*c - t*o + 6, 2*c = -4*o. What is the units digit of v(c)?
1
Let a be (1 - 1)*3/6. Suppose 0 = 3*q - v - 10, a*q + 2*q + v = 0. Suppose -4*n = 2*g + 18, 0 = -g - 3*g - q*n - 6. What is the units digit of g?
1
Suppose 0 = a + s - 105, 6*a - 7*a = -2*